{"id":4557,"date":"2019-04-12T18:32:22","date_gmt":"2019-04-12T18:32:22","guid":{"rendered":"https:\/\/secmah.com.br\/coopjfk\/?page_id=4557"},"modified":"2024-01-20T22:50:30","modified_gmt":"2024-01-20T22:50:30","slug":"testemonials","status":"publish","type":"page","link":"https:\/\/secmah.com.br\/coopjfk\/testemonials\/","title":{"rendered":"Depoimentos"},"content":{"rendered":"\t\t<div data-elementor-type=\"wp-page\" data-elementor-id=\"4557\" class=\"elementor elementor-4557\" data-elementor-post-type=\"page\">\n\t\t\t\t<div class=\"elementor-element elementor-element-3f214ae e-flex e-con-boxed e-con e-parent\" data-id=\"3f214ae\" data-element_type=\"container\" data-settings=\"{&quot;background_background&quot;:&quot;classic&quot;}\">\n\t\t\t\t\t<div class=\"e-con-inner\">\n\t\t\t\t<div class=\"elementor-element elementor-element-d4a92f1 elementor-widget elementor-widget-heading\" data-id=\"d4a92f1\" data-element_type=\"widget\" data-widget_type=\"heading.default\">\n\t\t\t\t<div class=\"elementor-widget-container\">\n\t\t\t\t\t<h2 class=\"elementor-heading-title elementor-size-default\">Depoimentos<\/h2>\t\t\t\t<\/div>\n\t\t\t\t<\/div>\n\t\t\t\t\t<\/div>\n\t\t\t\t<\/div>\n\t\t<div class=\"elementor-element elementor-element-56a4b3c e-flex e-con-boxed e-con e-parent\" data-id=\"56a4b3c\" data-element_type=\"container\" data-settings=\"{&quot;background_background&quot;:&quot;classic&quot;}\">\n\t\t\t\t\t<div class=\"e-con-inner\">\n\t\t<div class=\"elementor-element elementor-element-352f376 e-con-full e-flex e-con e-child\" data-id=\"352f376\" data-element_type=\"container\">\n\t\t\t\t<div class=\"elementor-element elementor-element-15a87ae elementor-grid-3 elementor-grid-tablet-2 elementor-grid-mobile-1 elementor-posts--thumbnail-top elementor-card-shadow-yes elementor-posts__hover-gradient elementor-widget elementor-widget-posts\" data-id=\"15a87ae\" data-element_type=\"widget\" data-settings=\"{&quot;cards_masonry&quot;:&quot;yes&quot;,&quot;cards_columns&quot;:&quot;3&quot;,&quot;cards_columns_tablet&quot;:&quot;2&quot;,&quot;cards_columns_mobile&quot;:&quot;1&quot;,&quot;cards_row_gap&quot;:{&quot;unit&quot;:&quot;px&quot;,&quot;size&quot;:35,&quot;sizes&quot;:[]},&quot;cards_row_gap_tablet&quot;:{&quot;unit&quot;:&quot;px&quot;,&quot;size&quot;:&quot;&quot;,&quot;sizes&quot;:[]},&quot;cards_row_gap_mobile&quot;:{&quot;unit&quot;:&quot;px&quot;,&quot;size&quot;:&quot;&quot;,&quot;sizes&quot;:[]}}\" data-widget_type=\"posts.cards\">\n\t\t\t\t<div class=\"elementor-widget-container\">\n\t\t\t\t\t\t\t<div class=\"elementor-posts-container elementor-posts elementor-posts--skin-cards elementor-grid\">\n\t\t\t\t<article class=\"elementor-post elementor-grid-item post-12604 post type-post status-publish format-standard has-post-thumbnail hentry category-depoimentos category-noticias tag-testemonials\">\n\t\t\t<div class=\"elementor-post__card\">\n\t\t\t\t<a class=\"elementor-post__thumbnail__link\" href=\"https:\/\/secmah.com.br\/coopjfk\/jfk-mostra-uma-linda-historia-de-superacao\/\" tabindex=\"-1\" ><div class=\"elementor-post__thumbnail\"><img fetchpriority=\"high\" decoding=\"async\" width=\"175\" height=\"300\" src=\"https:\/\/secmah.com.br\/coopjfk\/wp-content\/uploads\/2021\/01\/20201223_003102-175x300.jpg\" class=\"attachment-medium size-medium wp-image-12606\" alt=\"\" srcset=\"https:\/\/secmah.com.br\/coopjfk\/wp-content\/uploads\/2021\/01\/20201223_003102-175x300.jpg 175w, https:\/\/secmah.com.br\/coopjfk\/wp-content\/uploads\/2021\/01\/20201223_003102-scaled-600x1027.jpg 600w, https:\/\/secmah.com.br\/coopjfk\/wp-content\/uploads\/2021\/01\/20201223_003102-scaled.jpg 598w, https:\/\/secmah.com.br\/coopjfk\/wp-content\/uploads\/2021\/01\/20201223_003102-768x1315.jpg 768w, https:\/\/secmah.com.br\/coopjfk\/wp-content\/uploads\/2021\/01\/20201223_003102-897x1536.jpg 897w, https:\/\/secmah.com.br\/coopjfk\/wp-content\/uploads\/2021\/01\/20201223_003102-1196x2048.jpg 1196w, https:\/\/secmah.com.br\/coopjfk\/wp-content\/uploads\/2021\/01\/20201223_003102-900x1541.jpg 900w\" sizes=\"(max-width: 175px) 100vw, 175px\" \/><\/div><\/a>\n\t\t\t\t<div class=\"elementor-post__text\">\n\t\t\t\t<h3 class=\"elementor-post__title\">\n\t\t\t<a href=\"https:\/\/secmah.com.br\/coopjfk\/jfk-mostra-uma-linda-historia-de-superacao\/\" >\n\t\t\t\tUma linda hist\u00f3ria de supera\u00e7\u00e3o\t\t\t<\/a>\n\t\t<\/h3>\n\t\t\t\t<div class=\"elementor-post__excerpt\">\n\t\t\t<p>Coop JFK cuidando da sa\u00fade dos seus associados. Neste m\u00eas de janeiro, gostar\u00edamos de chamar<\/p>\n\t\t<\/div>\n\t\t\n\t\t<a class=\"elementor-post__read-more\" href=\"https:\/\/secmah.com.br\/coopjfk\/jfk-mostra-uma-linda-historia-de-superacao\/\" aria-label=\"Read more about Uma linda hist\u00f3ria de supera\u00e7\u00e3o\" tabindex=\"-1\" >\n\t\t\tSaiba Mais \u00bb\t\t<\/a>\n\n\t\t\t\t<\/div>\n\t\t\t\t<div class=\"elementor-post__meta-data\">\n\t\t\t\t\t<span class=\"elementor-post-date\">\n\t\t\t12\/01\/2021\t\t<\/span>\n\t\t\t\t<\/div>\n\t\t\t\t\t<\/div>\n\t\t<\/article>\n\t\t\t\t<article class=\"elementor-post elementor-grid-item post-4152 post type-post status-publish format-standard has-post-thumbnail hentry category-depoimentos tag-testemonials\">\n\t\t\t<div class=\"elementor-post__card\">\n\t\t\t\t<a class=\"elementor-post__thumbnail__link\" href=\"https:\/\/secmah.com.br\/coopjfk\/coopjfk-realizando-sonhos-ada-xxx\/\" tabindex=\"-1\" ><div class=\"elementor-post__thumbnail\"><img decoding=\"async\" width=\"249\" height=\"300\" src=\"https:\/\/secmah.com.br\/coopjfk\/wp-content\/uploads\/2019\/03\/Ada-e1553131239233-249x300.jpg\" class=\"attachment-medium size-medium wp-image-4153\" alt=\"\" srcset=\"https:\/\/secmah.com.br\/coopjfk\/wp-content\/uploads\/2019\/03\/Ada-e1553131239233-249x300.jpg 249w, https:\/\/secmah.com.br\/coopjfk\/wp-content\/uploads\/2019\/03\/Ada-e1553131239233.jpg 359w\" sizes=\"(max-width: 249px) 100vw, 249px\" \/><\/div><\/a>\n\t\t\t\t<div class=\"elementor-post__text\">\n\t\t\t\t<h3 class=\"elementor-post__title\">\n\t\t\t<a href=\"https:\/\/secmah.com.br\/coopjfk\/coopjfk-realizando-sonhos-ada-xxx\/\" >\n\t\t\t\tRealizando sonhos &#8211; Adaiane Nascimento da Silva\t\t\t<\/a>\n\t\t<\/h3>\n\t\t\t\t<div class=\"elementor-post__excerpt\">\n\t\t\t<p>\u201cEu me tornei s\u00f3cia e permane\u00e7o no quadro de associados da JFK pela facilidade nas<\/p>\n\t\t<\/div>\n\t\t\n\t\t<a class=\"elementor-post__read-more\" href=\"https:\/\/secmah.com.br\/coopjfk\/coopjfk-realizando-sonhos-ada-xxx\/\" aria-label=\"Read more about Realizando sonhos &#8211; Adaiane Nascimento da Silva\" tabindex=\"-1\" >\n\t\t\tSaiba Mais \u00bb\t\t<\/a>\n\n\t\t\t\t<\/div>\n\t\t\t\t<div class=\"elementor-post__meta-data\">\n\t\t\t\t\t<span class=\"elementor-post-date\">\n\t\t\t21\/03\/2019\t\t<\/span>\n\t\t\t\t<\/div>\n\t\t\t\t\t<\/div>\n\t\t<\/article>\n\t\t\t\t<article class=\"elementor-post elementor-grid-item post-4149 post type-post status-publish format-standard has-post-thumbnail hentry category-depoimentos tag-testemonials\">\n\t\t\t<div class=\"elementor-post__card\">\n\t\t\t\t<a class=\"elementor-post__thumbnail__link\" href=\"https:\/\/secmah.com.br\/coopjfk\/jfk-realizando-sonhos-raphael-pires\/\" tabindex=\"-1\" ><div class=\"elementor-post__thumbnail\"><img decoding=\"async\" width=\"225\" height=\"300\" src=\"https:\/\/secmah.com.br\/coopjfk\/wp-content\/uploads\/2019\/02\/image008-225x300.jpg\" class=\"attachment-medium size-medium wp-image-4148\" alt=\"\" srcset=\"https:\/\/secmah.com.br\/coopjfk\/wp-content\/uploads\/2019\/02\/image008-225x300.jpg 225w, https:\/\/secmah.com.br\/coopjfk\/wp-content\/uploads\/2019\/02\/image008.jpg 353w\" sizes=\"(max-width: 225px) 100vw, 225px\" \/><\/div><\/a>\n\t\t\t\t<div class=\"elementor-post__text\">\n\t\t\t\t<h3 class=\"elementor-post__title\">\n\t\t\t<a href=\"https:\/\/secmah.com.br\/coopjfk\/jfk-realizando-sonhos-raphael-pires\/\" >\n\t\t\t\tRealizando sonhos &#8211; Raphael Pires\t\t\t<\/a>\n\t\t<\/h3>\n\t\t\t\t<div class=\"elementor-post__excerpt\">\n\t\t\t<p>\u201cA Cooperativa sempre foi excelente em sua organiza\u00e7\u00e3o e of\u00edcios. J\u00e1 precisei algumas vezes de<\/p>\n\t\t<\/div>\n\t\t\n\t\t<a class=\"elementor-post__read-more\" href=\"https:\/\/secmah.com.br\/coopjfk\/jfk-realizando-sonhos-raphael-pires\/\" aria-label=\"Read more about Realizando sonhos &#8211; Raphael Pires\" tabindex=\"-1\" >\n\t\t\tSaiba Mais \u00bb\t\t<\/a>\n\n\t\t\t\t<\/div>\n\t\t\t\t<div class=\"elementor-post__meta-data\">\n\t\t\t\t\t<span class=\"elementor-post-date\">\n\t\t\t21\/03\/2019\t\t<\/span>\n\t\t\t\t<\/div>\n\t\t\t\t\t<\/div>\n\t\t<\/article>\n\t\t\t\t<\/div>\n\t\t\n\t\t\t\t\t\t<\/div>\n\t\t\t\t<\/div>\n\t\t\t\t<\/div>\n\t\t<div class=\"elementor-element elementor-element-6696c68 e-con-full e-flex e-con e-child\" data-id=\"6696c68\" data-element_type=\"container\">\n\t\t\t\t<div class=\"elementor-element elementor-element-59d6305 elementor-widget elementor-widget-text-editor\" data-id=\"59d6305\" data-element_type=\"widget\" data-widget_type=\"text-editor.default\">\n\t\t\t\t<div class=\"elementor-widget-container\">\n\t\t\t\t\t\t\t\t\t<h4><strong>Se voc\u00ea teve uma \u00f3tima experi\u00eancia com a Cooperativa JFK, d\u00ea o seu depoimento, conte aqui a sua hist\u00f3ria.<\/strong><\/h4>\t\t\t\t\t\t\t\t<\/div>\n\t\t\t\t<\/div>\n\t\t\t\t<div class=\"elementor-element elementor-element-7ab153b elementor-widget-divider--view-line elementor-widget elementor-widget-divider\" data-id=\"7ab153b\" data-element_type=\"widget\" data-widget_type=\"divider.default\">\n\t\t\t\t<div class=\"elementor-widget-container\">\n\t\t\t\t\t\t\t<div class=\"elementor-divider\">\n\t\t\t<span class=\"elementor-divider-separator\">\n\t\t\t\t\t\t<\/span>\n\t\t<\/div>\n\t\t\t\t\t\t<\/div>\n\t\t\t\t<\/div>\n\t\t\t\t<div class=\"elementor-element elementor-element-d77733b elementor-button-align-center elementor-widget elementor-widget-form\" data-id=\"d77733b\" data-element_type=\"widget\" data-settings=\"{&quot;step_next_label&quot;:&quot;Pr\\u00f3ximo&quot;,&quot;step_previous_label&quot;:&quot;Anterior&quot;,&quot;button_width&quot;:&quot;100&quot;,&quot;step_type&quot;:&quot;number_text&quot;,&quot;step_icon_shape&quot;:&quot;circle&quot;}\" data-widget_type=\"form.default\">\n\t\t\t\t<div class=\"elementor-widget-container\">\n\t\t\t\t\t\t\t<form class=\"elementor-form\" method=\"post\" name=\"Depoimentos\">\n\t\t\t<input type=\"hidden\" name=\"post_id\" value=\"4557\"\/>\n\t\t\t<input type=\"hidden\" name=\"form_id\" value=\"d77733b\"\/>\n\t\t\t<input type=\"hidden\" name=\"referer_title\" value=\"\" \/>\n\n\t\t\t\n\t\t\t<div class=\"elementor-form-fields-wrapper elementor-labels-above\">\n\t\t\t\t\t\t\t\t<div class=\"elementor-field-type-html elementor-field-group elementor-column elementor-field-group-field_2d5d59c elementor-col-100\">\n\t\t\t\t\tConte sua hist\u00f3ria\t\t\t\t<\/div>\n\t\t\t\t\t\t\t\t<div class=\"elementor-field-type-text elementor-field-group elementor-column elementor-field-group-name elementor-col-100 elementor-field-required elementor-mark-required\">\n\t\t\t\t\t\t\t\t\t\t\t\t<label for=\"form-field-name\" class=\"elementor-field-label\">\n\t\t\t\t\t\t\t\tNome\t\t\t\t\t\t\t<\/label>\n\t\t\t\t\t\t\t\t\t\t\t\t\t\t<input size=\"1\" type=\"text\" name=\"form_fields[name]\" id=\"form-field-name\" class=\"elementor-field elementor-size-sm  elementor-field-textual\" required=\"required\" aria-required=\"true\">\n\t\t\t\t\t\t\t\t\t\t\t<\/div>\n\t\t\t\t\t\t\t\t<div class=\"elementor-field-type-email elementor-field-group elementor-column elementor-field-group-field_bc9710b elementor-col-100 elementor-field-required elementor-mark-required\">\n\t\t\t\t\t\t\t\t\t\t\t\t<label for=\"form-field-field_bc9710b\" class=\"elementor-field-label\">\n\t\t\t\t\t\t\t\tEmail\t\t\t\t\t\t\t<\/label>\n\t\t\t\t\t\t\t\t\t\t\t\t\t\t<input size=\"1\" type=\"email\" name=\"form_fields[field_bc9710b]\" id=\"form-field-field_bc9710b\" class=\"elementor-field elementor-size-sm  elementor-field-textual\" required=\"required\" aria-required=\"true\">\n\t\t\t\t\t\t\t\t\t\t\t<\/div>\n\t\t\t\t\t\t\t\t<div class=\"elementor-field-type-text elementor-field-group elementor-column elementor-field-group-field_55c759e elementor-col-100\">\n\t\t\t\t\t\t\t\t\t\t\t\t<label for=\"form-field-field_55c759e\" class=\"elementor-field-label\">\n\t\t\t\t\t\t\t\tCidade\t\t\t\t\t\t\t<\/label>\n\t\t\t\t\t\t\t\t\t\t\t\t\t\t<input size=\"1\" type=\"text\" name=\"form_fields[field_55c759e]\" id=\"form-field-field_55c759e\" class=\"elementor-field elementor-size-sm  elementor-field-textual\">\n\t\t\t\t\t\t\t\t\t\t\t<\/div>\n\t\t\t\t\t\t\t\t<div class=\"elementor-field-type-text elementor-field-group elementor-column elementor-field-group-field_81e14c5 elementor-col-100 elementor-field-required elementor-mark-required\">\n\t\t\t\t\t\t\t\t\t\t\t\t<label for=\"form-field-field_81e14c5\" class=\"elementor-field-label\">\n\t\t\t\t\t\t\t\tDepartamento\/Setor\t\t\t\t\t\t\t<\/label>\n\t\t\t\t\t\t\t\t\t\t\t\t\t\t<input size=\"1\" type=\"text\" name=\"form_fields[field_81e14c5]\" id=\"form-field-field_81e14c5\" class=\"elementor-field elementor-size-sm  elementor-field-textual\" required=\"required\" aria-required=\"true\">\n\t\t\t\t\t\t\t\t\t\t\t<\/div>\n\t\t\t\t\t\t\t\t<div class=\"elementor-field-type-number elementor-field-group elementor-column elementor-field-group-field_2e33819 elementor-col-100 elementor-field-required elementor-mark-required\">\n\t\t\t\t\t\t\t\t\t\t\t\t<label for=\"form-field-field_2e33819\" class=\"elementor-field-label\">\n\t\t\t\t\t\t\t\tTelefone\t\t\t\t\t\t\t<\/label>\n\t\t\t\t\t\t\t\t\t<input type=\"number\" name=\"form_fields[field_2e33819]\" id=\"form-field-field_2e33819\" class=\"elementor-field elementor-size-sm  elementor-field-textual\" required=\"required\" aria-required=\"true\" min=\"\" max=\"\" >\n\t\t\t\t\t\t<\/div>\n\t\t\t\t\t\t\t\t<div class=\"elementor-field-type-textarea elementor-field-group elementor-column elementor-field-group-field_fe936ad elementor-col-100\">\n\t\t\t\t\t\t\t\t\t\t\t\t<label for=\"form-field-field_fe936ad\" class=\"elementor-field-label\">\n\t\t\t\t\t\t\t\tMensagem\t\t\t\t\t\t\t<\/label>\n\t\t\t\t\t\t<textarea class=\"elementor-field-textual elementor-field  elementor-size-sm\" name=\"form_fields[field_fe936ad]\" id=\"form-field-field_fe936ad\" rows=\"4\"><\/textarea>\t\t\t\t<\/div>\n\t\t\t\t\t\t\t\t<div class=\"elementor-field-type-acceptance elementor-field-group elementor-column elementor-field-group-field_7f526a1 elementor-col-100 elementor-field-required elementor-mark-required\">\n\t\t\t\t\t\t\t\t\t\t\t\t<label for=\"form-field-field_7f526a1\" class=\"elementor-field-label\">\n\t\t\t\t\t\t\t\tPol\u00edtica de Privacidade\t\t\t\t\t\t\t<\/label>\n\t\t\t\t\t\t\t\t<div class=\"elementor-field-subgroup\">\n\t\t\t<span class=\"elementor-field-option\">\n\t\t\t\t<input type=\"checkbox\" name=\"form_fields[field_7f526a1]\" id=\"form-field-field_7f526a1\" class=\"elementor-field elementor-size-sm  elementor-acceptance-field\" required=\"required\" aria-required=\"true\">\n\t\t\t\t<label for=\"form-field-field_7f526a1\">Li e aceito os termos de privacidade.<\/label>\t\t\t<\/span>\n\t\t<\/div>\n\t\t\t\t\t\t<\/div>\n\t\t\t\t\t\t\t\t<div class=\"elementor-field-type-recaptcha_v3 elementor-field-group elementor-column elementor-field-group-field_7d32b47 elementor-col-100 recaptcha_v3-bottomright\">\n\t\t\t\t\t<div class=\"elementor-field\" id=\"form-field-field_7d32b47\"><div class=\"elementor-g-recaptcha\" data-sitekey=\"6LfOrFUpAAAAAFnlDVNmhBkMtoNdrEDswPlwpeNC\" data-type=\"v3\" data-action=\"Form\" data-badge=\"bottomright\" data-size=\"invisible\"><\/div><\/div>\t\t\t\t<\/div>\n\t\t\t\t\t\t\t\t<div class=\"elementor-field-group elementor-column elementor-field-type-submit elementor-col-100 e-form__buttons\">\n\t\t\t\t\t<button type=\"submit\" class=\"elementor-button elementor-size-sm\">\n\t\t\t\t\t\t<span >\n\t\t\t\t\t\t\t\t\t\t\t\t\t\t\t<span class=\" elementor-button-icon\">\n\t\t\t\t\t\t\t\t\t\t\t\t\t\t\t\t\t\t\t\t\t\t\t\t\t\t<\/span>\n\t\t\t\t\t\t\t\t\t\t\t\t\t\t\t\t\t\t\t\t\t\t<span class=\"elementor-button-text\">Enviar <\/span>\n\t\t\t\t\t\t\t\t\t\t\t\t\t<\/span>\n\t\t\t\t\t<\/button>\n\t\t\t\t<\/div>\n\t\t\t<\/div>\n\t\t<\/form>\n\t\t\t\t\t\t<\/div>\n\t\t\t\t<\/div>\n\t\t\t\t<\/div>\n\t\t\t\t\t<\/div>\n\t\t\t\t<\/div>\n\t\t<div class=\"elementor-element elementor-element-969a848 e-flex e-con-boxed e-con e-parent\" data-id=\"969a848\" data-element_type=\"container\">\n\t\t\t\t\t<div class=\"e-con-inner\">\n\t\t\t\t\t<\/div>\n\t\t\t\t<\/div>\n\t\t<div class=\"elementor-element elementor-element-89c319b third_bg_color e-flex e-con-boxed e-con e-parent\" data-id=\"89c319b\" data-element_type=\"container\" data-settings=\"{&quot;background_background&quot;:&quot;classic&quot;}\">\n\t\t\t\t\t<div class=\"e-con-inner\">\n\t\t\t\t<div class=\"elementor-element elementor-element-32f2087 elementor-widget__width-auto elementor-widget elementor-widget-text-editor\" data-id=\"32f2087\" data-element_type=\"widget\" data-widget_type=\"text-editor.default\">\n\t\t\t\t<div class=\"elementor-widget-container\">\n\t\t\t\t\t\t\t\t\t<p><strong><span style=\"font-size: 18pt;\">Torne-se um associado e usufrua de muitos benef\u00edcios<\/span><\/strong><\/p>\t\t\t\t\t\t\t\t<\/div>\n\t\t\t\t<\/div>\n\t\t\t\t<div class=\"elementor-element elementor-element-140a954 elementor-widget__width-auto elementor-tablet-align-center elementor-widget elementor-widget-button\" data-id=\"140a954\" data-element_type=\"widget\" data-widget_type=\"button.default\">\n\t\t\t\t<div class=\"elementor-widget-container\">\n\t\t\t\t\t\t\t\t\t<div class=\"elementor-button-wrapper\">\n\t\t\t\t\t<a class=\"elementor-button elementor-button-link elementor-size-sm\" href=\"https:\/\/secmah.com.br\/coopjfk\/associe-se\/\">\n\t\t\t\t\t\t<span class=\"elementor-button-content-wrapper\">\n\t\t\t\t\t\t\t\t\t<span class=\"elementor-button-text\">Associe-se<\/span>\n\t\t\t\t\t<\/span>\n\t\t\t\t\t<\/a>\n\t\t\t\t<\/div>\n\t\t\t\t\t\t\t\t<\/div>\n\t\t\t\t<\/div>\n\t\t\t\t\t<\/div>\n\t\t\t\t<\/div>\n\t\t\t\t<\/div>\n\t\t","protected":false},"excerpt":{"rendered":"<p>Se voc\u00ea teve uma \u00f3tima experi\u00eancia com a Cooperativa JFK, d\u00ea o seu depoimento, conte aqui a sua hist\u00f3ria. Torne-se um associado e usufrua de muitos benef\u00edcios Associe-se<\/p>\n","protected":false},"author":1,"featured_media":0,"parent":0,"menu_order":0,"comment_status":"closed","ping_status":"closed","template":"","meta":{"footnotes":""},"class_list":["post-4557","page","type-page","status-publish","hentry"],"_links":{"self":[{"href":"https:\/\/secmah.com.br\/coopjfk\/wp-json\/wp\/v2\/pages\/4557","targetHints":{"allow":["GET"]}}],"collection":[{"href":"https:\/\/secmah.com.br\/coopjfk\/wp-json\/wp\/v2\/pages"}],"about":[{"href":"https:\/\/secmah.com.br\/coopjfk\/wp-json\/wp\/v2\/types\/page"}],"author":[{"embeddable":true,"href":"https:\/\/secmah.com.br\/coopjfk\/wp-json\/wp\/v2\/users\/1"}],"replies":[{"embeddable":true,"href":"https:\/\/secmah.com.br\/coopjfk\/wp-json\/wp\/v2\/comments?post=4557"}],"version-history":[{"count":33,"href":"https:\/\/secmah.com.br\/coopjfk\/wp-json\/wp\/v2\/pages\/4557\/revisions"}],"predecessor-version":[{"id":39425,"href":"https:\/\/secmah.com.br\/coopjfk\/wp-json\/wp\/v2\/pages\/4557\/revisions\/39425"}],"wp:attachment":[{"href":"https:\/\/secmah.com.br\/coopjfk\/wp-json\/wp\/v2\/media?parent=4557"}],"curies":[{"name":"wp","href":"https:\/\/api.w.org\/{rel}","templated":true}]}}